*(-7)/(-98)*332 is divided by 24?
22
Suppose -2 = w - 6. Suppose -h = -1 - 2, w*j - 98 = -2*h. What is the remainder when j is divided by 12?
11
Let a = 1531 - 1494. What is the remainder when 123 is divided by a?
12
Suppose -3*n - 29 = -3*k - 8*n, -k + 7 = -n. What is the remainder when 110 is divided by k?
6
Let i = 25 - 6. Suppose 0 = -7*y + 5*y - 22. Let k = i + y. Calculate the remainder when 22 is divided by k.
6
Suppose 4*j + 21*w - 17*w - 164 = 0, -173 = -4*j + 5*w. What is the remainder when 461 is divided by j?
41
Let n be ((-51)/17)/((-2)/(-58)). Let y = -68 - n. Calculate the remainder when y is divided by 16.
3
Let t be 2/(-12) + (-133)/(-42). Suppose -3*o + 15 = -t*g, -4*o + g + 1 = -10. Suppose 0 = 6*v - o*v - 52. Calculate the remainder when v is divided by 5.
3
Let x = 50 + 105. Calculate the remainder when x is divided by 55.
45
Let d = 363 + -330. Let i(g) = 2*g**2 + 5*g - 4. What is the remainder when i(6) is divided by d?
32
Suppose 53 = q - 4*a, 4*q - 205 = 4*a + 19. Calculate the remainder when q is divided by 52.
5
Suppose 5*a - 1418 = 1082. What is the remainder when a is divided by 63?
59
Let k(w) = -8*w + 12. Let a be k(1). Suppose 3*z - 91 = -a*z. Calculate the remainder when 141 is divided by z.
11
Let j(u) = 2*u**2 + 5*u - 13. What is the remainder when 350 is divided by j(4)?
38
What is the remainder when 75 is divided by (6/10)/((2 + -5)/(-90))?
3
Let a be ((1 - (-44)/(-8)) + 4)*0. Let z(w) = -3*w + 13. Calculate the remainder when 48 is divided by z(a).
9
Suppose 5*l = -4*f + 158, 0*f + f - l = 44. Suppose -3*p + f = 3*p. Calculate the remainder when 33 is divided by p.
5
Suppose -4*u + 78 = -2*s, 12 = 3*u - s - 44. Suppose -5*j = -3*y - 0*j + 43, y = 4*j + 26. What is the remainder when u is divided by y?
5
Suppose 209*b - 76*b - 2660 = 0. Let v be 24/10*(-165)/(-6). What is the remainder when v/4*28/6 is divided by b?
17
Let g = -63 + 62. Calculate the remainder when 1 + (4 - (-76 - 1/g)) is divided by 21.
17
Suppose 2*j - 41 + 7 = 0. Suppose 11 = -3*b + j. Suppose 6*g - b*g = 24. Calculate the remainder when 22 is divided by g.
4
Suppose -30 = -6*u - 0*u. Calculate the remainder when (4 + (-34)/u)*-5 is divided by 9.
5
Let p(w) = -w**3 + 2*w**2 - 4*w - 1. What is the remainder when p(-3) is divided by ((-12)/30)/(1/(-30))?
8
What is the remainder when (-2)/4 - 4/((-48)/642) is divided by 19?
15
Let z = -33 + 45. Suppose 0 = -5*a + 4*x + 87, 2*a + x - 39 = -z. What is the remainder when 42 is divided by a?
12
Let t = 99 + -143. Let u = t + 69. What is the remainder when 149 is divided by u?
24
Suppose 35*y = 34*y. Suppose 3*z + y = 15. Suppose -g = -z, 0 = 2*c + 3*g - 153 + 16. What is the remainder when c is divided by 16?
13
Suppose -2*c = -4*c. Suppose -2*j - j + 6 = c. Suppose j*n - 71 = -3*b - 3*n, 0 = 3*b + 2*n - 59. Calculate the remainder when 66 is divided by b.
15
Suppose -3*h + 2*h - 3*i = 185, 0 = 4*h - 4*i + 788. Let j = -106 - h. Suppose -j = -4*t + 156. Calculate the remainder when t is divided by 21.
19
Let c(f) = 4*f - 4. Let s(h) = 5*h**2 + 1. Let u be ((-15)/10)/((-3)/2). Calculate the remainder when c(5) is divided by s(u).
4
Let l(o) = -o + 10. Let n be l(-3). Let k = n + -8. Suppose 0 = 5*t + 3*z - 250, -225 = -k*t - 0*t + 2*z. What is the remainder when t is divided by 12?
11
What is the remainder when 75 is divided by ((96/14)/(-8))/((-4)/28)?
3
Let q(x) be the second derivative of -x**4/12 + 17*x**3/6 - 21*x**2/2 - 15*x. Calculate the remainder when q(15) is divided by 4.
1
Suppose 0*i - a = -3*i + 3, 12 = -4*i - 4*a. Calculate the remainder when 27 is divided by 4 + i + (4 - 1).
6
Let z = -17 + 20. Suppose g + 3 = y, 2*y = -0*y + g + z. Calculate the remainder when 26 is divided by (y + 2 + 7)/1.
8
Let w = 504 - 265. What is the remainder when w is divided by 19?
11
Suppose 8*j - 4*j = 84. Let c(k) = 4*k**3 + 22*k**2 + 4*k + 3. What is the remainder when c(-4) is divided by j?
20
Let n = -16 + 36. Calculate the remainder when (-1406)/(-114)*3*2 is divided by n.
14
Suppose -12 = -7*a + 2. Suppose -3*q = 2*b + 2*q - 30, -a*q + 4 = 0. Calculate the remainder when 25 is divided by b.
5
Let p = 262 - 140. Let j = p + -72. Calculate the remainder when 197 is divided by j.
47
Let y be 5/10 - 197/(-2). Let a = y + -87. What is the remainder when 23 is divided by a?
11
Suppose -11*l + 9*l - 3*n = -234, -3*l - 3*n + 354 = 0. Let v = 170 - l. Let o(p) = p**3 - 5*p**2 + 5*p + 1. What is the remainder when v is divided by o(5)?
24
Suppose 0 = -3*x + 3*i, 0*x + x - 5*i + 16 = 0. Suppose x*t + 6*g = 3*g - 145, t + g = -37. Calculate the remainder when 67 is divided by (t/(-5))/(2/5).
16
Suppose 0 = 2*n - n - 10. Let g = 20 - n. Calculate the remainder when 7/(-14) + (-75)/(-2) is divided by g.
7
Let c = -81 - -102. What is the remainder when c is divided by 11?
10
Suppose -455 = -5*p - 4*v, 0 = v - 8 + 13. Suppose 5*u = 4*c + p, -5*c + 9 + 10 = u. Calculate the remainder when 29 is divided by u.
10
Suppose -25 = 8*u - 81. Calculate the remainder when 41 is divided by u.
6
Suppose 25 = 6*l - l. Let y be 4 + (-1)/((-1)/(-2)). Suppose 13 = 5*v - g, 2*g - 2 - y = 0. What is the remainder when l is divided by v?
2
Let q(l) = l**2 + 2. Calculate the remainder when (106/6)/(4/12) is divided by q(-4).
17
Suppose 2*j - t - 6 = 3*t, -3*t = -j. Suppose 5*w - 16 = 3*w - 3*z, 0 = -2*w - 4*z + 20. Calculate the remainder when j is divided by w.
1
Let h(l) = -43*l + 357. What is the remainder when 220 is divided by h(8)?
12
Let y(w) = 7*w**2 - 12 + 5*w**2 + w**3 + 3 - w. What is the remainder when 8 is divided by y(-12)?
2
Suppose -76*n + 15*n + 10431 = 0. Calculate the remainder when n is divided by 36.
27
Suppose -4*k + 44 = -0*k. Suppose 9*b + 208 = k*b. Calculate the remainder when b is divided by 35.
34
Let u = 50 + -30. Suppose 5*q + 0*t + 3*t - 1 = 0, -t - 9 = -3*q. Suppose -4*h + 29 = 3*r, q*r + 4*h = 7*r - 59. What is the remainder when u is divided by r?
9
Suppose 1372 - 556 = 48*g. What is the remainder when 542 is divided by g?
15
Suppose 2*l + v + 10 = 6*v, 4*v = -2*l + 8. Suppose l*b - 60 = -4*b. Let f = b - 3. What is the remainder when 35 is divided by f?
11
Let i(v) = -8*v**2 + v + 22. What is the remainder when 85 is divided by i(0)?
19
Let l(d) = -3*d**2 - 85*d + 30. What is the remainder when l(-17) is divided by 29?
28
Let q = -295 - -440. What is the remainder when q is divided by 25?
20
What is the remainder when -1 + 450/8 - 10/40 is divided by 5?
0
Suppose 0 = 22*k + 8*k - 240. Calculate the remainder when (-2)/(3/(81/(-2))) is divided by k.
3
What is the remainder when 26 is divided by -51*((-6)/15)/(18/15)?
9
Calculate the remainder when (-10)/(-35)*(1 + (-3530)/(-5)) is divided by 103.
99
Let t(b) = -5*b**2 - 37*b - 5. Let x be t(-7). Let i(s) = -s**3 + 12*s**2 - 8*s + 7. Calculate the remainder when i(x) is divided by 9.
7
Suppose -t = -3*d - 8 - 5, 0 = -d - 4. Let x = -6 + t. Calculate the remainder when x/1*304/(-40) is divided by 13.
12
Let w be (-3)/2*(-439 - -9). Suppose 7*v + 15 = w. What is the remainder when v is divided by 23?
21
Suppose -4*y + 14 = 2*i, -4 + 13 = 4*y + 3*i. Suppose y*o = 2*l + 2*o - 34, -3*l - 4*o + 81 = 0. Calculate the remainder when 41 is divided by l.
18
Let k = 35 + -4. Suppose 0 = -4*b - 54 + 18. Let z = k + b. Calculate the remainder when z is divided by 12.
10
Let r = 0 + 4. Let h(q) = -6*q**2 + q - 3. Let o be h(2). Let a = o - -34. What is the remainder when a is divided by r?
1
Let g be 15 + -14 - 1/((-1)/3). Suppose 24 = -2*j - c + 75, -g*c + 43 = j. Calculate the remainder when 66 is divided by j.
20
Suppose -629 + 5 = -12*g. Calculate the remainder when g is divided by 5.
2
Let z(v) = 14 - 3*v - 9 + 1. Let k(f) = 10*f + 1. Calculate the remainder when z(-8) is divided by k(1).
8
Let k(p) = 3*p + 345. What is the remainder when k(-45) is divided by 18?
12
Let w(t) = 6*t - 30. Let g be w(5). Suppose g = -2*o + o - 3*y + 16, -5*o + 20 = -5*y. What is the remainder when o is divided by 3?
1
Let i be ((-66)/9)/(6/81). Let n = i + 59. Let t = 66 + n. Calculate the remainder when t is divided by 7.
5
Suppose -8 = -4*p + 2*d, 4*p - 5*d + 7 = 3*p. Suppose -v = -4*s + 4*v + 228, -p*s - 3*v + 171 = 0. What is the remainder when s is divided by 20?
17